{"id":56,"date":"2025-09-01T16:17:08","date_gmt":"2025-09-01T14:17:08","guid":{"rendered":"https:\/\/nauka.you2.pl\/?page_id=56"},"modified":"2025-09-01T17:57:16","modified_gmt":"2025-09-01T15:57:16","slug":"lecimy-do-gwiazd","status":"publish","type":"page","link":"https:\/\/nauka.you2.pl\/index.php\/lecimy-do-gwiazd\/","title":{"rendered":"Lecimy na Marsa!"},"content":{"rendered":"\n<figure class=\"wp-block-image size-large\"><img loading=\"lazy\" decoding=\"async\" width=\"1024\" height=\"512\" src=\"https:\/\/nauka.you2.pl\/wp-content\/uploads\/2025\/09\/image-1024x512.png\" alt=\"\" class=\"wp-image-63\" srcset=\"https:\/\/nauka.you2.pl\/wp-content\/uploads\/2025\/09\/image-1024x512.png 1024w, https:\/\/nauka.you2.pl\/wp-content\/uploads\/2025\/09\/image-300x150.png 300w, https:\/\/nauka.you2.pl\/wp-content\/uploads\/2025\/09\/image-768x384.png 768w, https:\/\/nauka.you2.pl\/wp-content\/uploads\/2025\/09\/image-624x312.png 624w, https:\/\/nauka.you2.pl\/wp-content\/uploads\/2025\/09\/image.png 1200w\" sizes=\"auto, (max-width: 1024px) 100vw, 1024px\" \/><\/figure>\n\n\n\n<p>Ta gra przenosi zasady ruchu jednostajnie zmiennego w kosmos. W przeciwie\u0144stwie do ruchu na Ziemi, w przestrzeni kosmicznej nie ma opor\u00f3w, a silniki rakiety dzia\u0142aj\u0105 tylko przez pewien czas. Aby dotrze\u0107 do celu, musisz precyzyjnie zaplanowa\u0107 trzy fazy lotu:<\/p>\n\n\n\n<ol start=\"1\" class=\"wp-block-list\">\n<li><strong>Przyspieszanie<\/strong>: U\u017cycie silnika w celu zwi\u0119kszenia pr\u0119dko\u015bci.<\/li>\n\n\n\n<li><strong>Swobodny lot<\/strong>: Podr\u00f3\u017c z ustalon\u0105 pr\u0119dko\u015bci\u0105 po wy\u0142\u0105czeniu silnika.<\/li>\n\n\n\n<li><strong>Hamowanie<\/strong>: Odpalenie silnika w przeciwnym kierunku, aby wytraci\u0107 pr\u0119dko\u015b\u0107 i wyl\u0105dowa\u0107 mi\u0119kko.<\/li>\n<\/ol>\n\n\n\n<p>Gra pokazuje, \u017ce to w\u0142a\u015bnie precyzyjne planowanie faz przyspieszania i hamowania pozwala na pomy\u015blne uko\u0144czenie misji. Domy\u015blne warto\u015bci suwak\u00f3w zosta\u0142y tak dobrane, aby l\u0105dowanie by\u0142o mo\u017cliwe, ale zach\u0119camy do eksperymentowania! Spr\u00f3buj pokona\u0107 wyzwania, dobieraj\u0105c w\u0142asne parametry.<\/p>\n\n\n\n<p>Postaraj si\u0119 u\u017cy\u0107 wszystkich 4 silnik\u00f3w. Ka\u017cdy z nich daje inne przyspieszenie.<\/p>\n\n\n\n<p><strong>Pami\u0119taj &#8211; nie rozbij rakiety bo nie wr\u00f3cisz na ziemi\u0119! <\/strong><\/p>\n\n\n\n<p><code>\n      <style>\n          .game-wrapper {\n              background-color: #333;\n              color: #eee;\n              font-family: Arial, sans-serif;\n              padding: 20px;\n              border-radius: 8px;\n              max-width: 800px;\n              margin: 20px auto;\n              box-shadow: 0 0 15px rgba(0, 0, 0, 0.5);\n          }\n          h2 {\n              text-align: center;\n              color: #00F0FF;\n              margin-bottom: 20px;\n          }\n          #scene_rakieta {\n              display: block;\n              margin: 0 auto;\n              background-color: #000;\n              border: 2px solid #00F0FF;\n              border-radius: 4px;\n          }\n          .hud {\n              background-color: #222;\n              padding: 10px;\n              margin-top: 15px;\n              border-radius: 4px;\n              font-size: 14px;\n              line-height: 1.6;\n              border: 1px solid #555;\n          }\n          #engineDescriptionHud_rakieta_text {\n              color: #fff;\n              font-weight: bold;\n              font-style: italic;\n          }\n          .controls {\n              display: grid;\n              grid-template-columns: 1fr 1fr 1fr;\n              gap: 10px 15px;\n              margin-top: 20px;\n              align-items: center;\n              background-color: #2a2a2a;\n              padding: 15px;\n              border-radius: 4px;\n              border: 1px solid #444;\n          }\n          .controls label {\n              grid-column: 1 \/ 2;\n              text-align: right;\n              padding-right: 10px;\n          }\n          .controls input[type=\"range\"] {\n              grid-column: 2 \/ 3;\n              width: 100%;\n          }\n          .controls input[type=\"number\"] {\n              grid-column: 3 \/ 4;\n              width: 60px;\n              background-color: #444;\n              color: #eee;\n              border: 1px solid #666;\n              border-radius: 3px;\n              padding: 3px 5px;\n          }\n          .controls select {\n              grid-column: 1 \/ 2;\n              width: 100%;\n              background-color: #444;\n              color: #eee;\n              border: 1px solid #666;\n              border-radius: 3px;\n              padding: 5px;\n          }\n          .controls .buttons {\n              grid-column: 1 \/ -1;\n              display: flex;\n              justify-content: center;\n              gap: 10px;\n              margin-top: 10px;\n          }\n          .controls button {\n              background-color: #007bff;\n              color: white;\n              padding: 8px 15px;\n              border: none;\n              border-radius: 4px;\n              cursor: pointer;\n              font-size: 14px;\n              transition: background-color 0.3s ease;\n          }\n          .controls button:hover {\n              background-color: #0056b3;\n          }\n          #play_rakieta { background-color: #28a745; }\n          #play_rakieta:hover { background-color: #218838; }\n          #reset_rakieta { background-color: #dc3545; }\n          #reset_rakieta:hover { background-color: #c82333; }\n          #challenge_rakieta { background-color: #ffc107; color: #333; }\n          #challenge_rakieta:hover { background-color: #e0a800; }\n          #speedChart_rakieta {\n              display: block;\n              margin: 20px auto 0;\n              background-color: #111;\n              border: 2px solid #00F0FF;\n              border-radius: 4px;\n          }\n      <\/style>\n      <div class=\"game-wrapper\">\n          <script src=\"https:\/\/cdn.jsdelivr.net\/npm\/chart.js\"><\/script>\n          <h2>Gra: Podr\u00f3\u017c Mi\u0119dzyplanetarna<\/h2>\n          <canvas id=\"scene_rakieta\" width=\"800\" height=\"400\"><\/canvas>\n          <div id=\"hud_rakieta\" class=\"hud\">\n              Status: Gotowy<br>\n              Opis silnika: <span id=\"engineDescriptionHud_rakieta_text\">Wybierz silnik, aby zobaczy\u0107 opis.<\/span><br>\n              Dystans do celu: 150.00 m<br>\n              Pr\u0119dko\u015b\u0107: 0.00 m\/s<br>\n              Czas: 0.00 s\n          <\/div>\n          <canvas id=\"speedChart_rakieta\" width=\"800\" height=\"150\"><\/canvas>\n          <div class=\"controls\">\n              <label for=\"engineSelect_rakieta\">Silnik:<\/label>\n              <select id=\"engineSelect_rakieta\"><\/select>\n        \n              <label for=\"t_accel_rakieta\">Czas Przyspieszania (s):<\/label>\n              <input type=\"range\" id=\"t_accel_rakieta\" min=\"0\" max=\"30\" step=\"0.1\" value=\"5\">\n              <input type=\"number\" id=\"t_accel_num_rakieta\" min=\"0\" max=\"30\" step=\"0.1\" value=\"5\">\n        \n              <label for=\"t_coast_rakieta\">Czas Lotu (s):<\/label>\n              <input type=\"range\" id=\"t_coast_rakieta\" min=\"0\" max=\"60\" step=\"0.1\" value=\"10\">\n              <input type=\"number\" id=\"t_coast_num_rakieta\" min=\"0\" max=\"60\" step=\"0.1\" value=\"10\">\n        \n              <label for=\"t_decel_rakieta\">Czas Hamowania (s):<\/label>\n              <input type=\"range\" id=\"t_decel_rakieta\" min=\"0\" max=\"30\" step=\"0.1\" value=\"5\">\n              <input type=\"number\" id=\"t_decel_num_rakieta\" min=\"0\" max=\"30\" step=\"0.1\" value=\"5\">\n        \n              <div class=\"buttons\">\n                  <button id=\"play_rakieta\">Start!<\/button>\n                  <button id=\"reset_rakieta\">Reset<\/button>\n                  <button id=\"challenge_rakieta\">Nowe Wyzwanie<\/button>\n              <\/div>\n          <\/div>\n      <\/div>\n      <script src=\"https:\/\/nauka.you2.pl\/wp-content\/plugins\/moje-gry\/js\/gra_rakieta.js\"><\/script>\n    <\/code><\/p>\n\n\n\n<p><\/p>\n\n\n\n<figure class=\"wp-block-image size-large\"><img loading=\"lazy\" decoding=\"async\" width=\"1024\" height=\"576\" src=\"https:\/\/nauka.you2.pl\/wp-content\/uploads\/2025\/09\/image-3-1024x576.png\" alt=\"\" class=\"wp-image-87\" srcset=\"https:\/\/nauka.you2.pl\/wp-content\/uploads\/2025\/09\/image-3-1024x576.png 1024w, https:\/\/nauka.you2.pl\/wp-content\/uploads\/2025\/09\/image-3-300x169.png 300w, https:\/\/nauka.you2.pl\/wp-content\/uploads\/2025\/09\/image-3-768x432.png 768w, https:\/\/nauka.you2.pl\/wp-content\/uploads\/2025\/09\/image-3-624x351.png 624w, https:\/\/nauka.you2.pl\/wp-content\/uploads\/2025\/09\/image-3.png 1280w\" sizes=\"auto, (max-width: 1024px) 100vw, 1024px\" \/><\/figure>\n\n\n\n<h2 class=\"wp-block-heading\">Ciekawostka &#x1f4a1; &#8211; podr\u00f3\u017c do gwiazd &#x2728;<\/h2>\n\n\n\n<p><\/p>\n\n\n\n<p>Wyobra\u017amy sobie, \u017ce ludzko\u015b\u0107 posiada technologi\u0119 niezb\u0119dn\u0105 do wys\u0142ania misji za\u0142ogowej do Alpha Centauri. To uk\u0142ad gwiazd w gwiazdozbiorze Centaura, najbli\u017cszy ziemi. Misja b\u0119dzie realizowana dzi\u0119ki supersilnikowi. Pomys\u0142 na silnik zapewniaj\u0105cy sta\u0142e przyspieszenie na poziomie 1.5g do Alpha Centauri jest obecnie czyst\u0105 teori\u0105 i znacznie przewy\u017csza mo\u017cliwo\u015bci najlepszych koncepcji silnik\u00f3w, jakie naukowcy obecnie rozwa\u017caj\u0105. \u017baden z dzisiejszych ani teoretycznych nap\u0119d\u00f3w nie jest w stanie zapewni\u0107 takiego <strong>ci\u0105g\u0142ego i silnego przyspieszenia<\/strong> na tak d\u0142ugi czas.<\/p>\n\n\n\n<h3 class=\"wp-block-heading\">Start: Przyspieszenie &#x1f680;<\/h3>\n\n\n\n<p>Nasza podr\u00f3\u017c rozpoczyna si\u0119 od startu z Ziemi. Dzi\u0119ki pot\u0119\u017cnemu <strong>supernap\u0119dowi<\/strong>, nasz statek kosmiczny zaczyna przyspiesza\u0107 z ci\u0105g\u0142ym i odczuwalnym przyspieszeniem <strong>1.5g<\/strong>. To oznacza, \u017ce astronauci czuj\u0105 si\u0119, jakby byli nieco ci\u0119\u017csi ni\u017c zwykle, co jest komfortowe i przypomina wspinaczk\u0119 po schodach. Ta faza przyspieszania trwa przez pierwsz\u0105 po\u0142ow\u0119 trasy do Alpha Centauri. Z ka\u017cdym dniem nasza pr\u0119dko\u015b\u0107 ro\u015bnie, zbli\u017caj\u0105c si\u0119 coraz bardziej do pr\u0119dko\u015bci \u015bwiat\u0142a. Dzi\u0119ki temu, \u017ce statek nieustannie przyspiesza, astronauci nie do\u015bwiadczaj\u0105 stanu niewa\u017cko\u015bci, co znacznie u\u0142atwia im funkcjonowanie w przestrzeni kosmicznej, eliminuj\u0105c problemy z ko\u015b\u0107mi i mi\u0119\u015bniami.<\/p>\n\n\n\n<hr class=\"wp-block-separator has-alpha-channel-opacity\"\/>\n\n\n\n<h3 class=\"wp-block-heading\">Podr\u00f3\u017c: Dylatacja Czasu &#x23f3;<\/h3>\n\n\n\n<p>Po oko\u0142o <strong>1 roku i 9 miesi\u0105cach<\/strong> (1.75 roku) ci\u0105g\u0142ego przyspieszania, nasz statek osi\u0105ga niewiarygodn\u0105 pr\u0119dko\u015b\u0107, zbli\u017con\u0105 do 94% pr\u0119dko\u015bci \u015bwiat\u0142a. W tym momencie jeste\u015bmy dok\u0142adnie w po\u0142owie drogi, w odleg\u0142o\u015bci oko\u0142o 2.18 lat \u015bwietlnych od Ziemi. Z punktu widzenia Ziemi, nasza misja trwa ju\u017c 2.9 roku. Jednak z powodu <strong>dylatacji czasu<\/strong> \u2013 efektu opisanego przez teori\u0119 wzgl\u0119dno\u015bci Einsteina \u2013 czas na pok\u0142adzie statku p\u0142ynie wolniej. Dzi\u0119ki temu astronauci prze\u017cywaj\u0105 podr\u00f3\u017c znacznie kr\u00f3cej ni\u017c obserwatorzy na Ziemi, co sprawia, \u017ce misja staje si\u0119 realistyczna. W po\u0142owie drogi statek obraca si\u0119 o 180 stopni i rozpoczyna hamowanie, by bezpiecznie dotrze\u0107 do celu.<\/p>\n\n\n\n<hr class=\"wp-block-separator has-alpha-channel-opacity\"\/>\n\n\n\n<h3 class=\"wp-block-heading\">Hamowanie: Odwr\u00f3cenie Ci\u0105gu &#x1f4ab;<\/h3>\n\n\n\n<p>Gdy statek przekroczy\u0142 ju\u017c p\u00f3\u0142metek, rozpoczyna faz\u0119 hamowania. Silniki pracuj\u0105 teraz w przeciwnym kierunku, nadal z przyspieszeniem <strong>1.5g<\/strong>. Dla za\u0142ogi to uczucie jest podobne do przyspieszania \u2013 nadal czuj\u0105 si\u0119 nieco ci\u0119\u017csi, co daje im poczucie grawitacji. W miar\u0119 jak zbli\u017camy si\u0119 do Alpha Centauri, pr\u0119dko\u015b\u0107 statku stopniowo maleje. Ten etap hamowania trwa kolejne <strong>1 rok i 9 miesi\u0119cy<\/strong>, co oznacza, \u017ce ca\u0142y etap podr\u00f3\u017cy od startu do l\u0105dowania zajmie astronautom oko\u0142o <strong>3.5 roku<\/strong> ich w\u0142asnego czasu. W tym czasie ich bliscy na Ziemi zestarzej\u0105 si\u0119 o <strong>5.8 roku<\/strong>.<\/p>\n\n\n\n<hr class=\"wp-block-separator has-alpha-channel-opacity\"\/>\n\n\n\n<h3 class=\"wp-block-heading\">Przybycie: Cel Osi\u0105gni\u0119ty &#x2728;<\/h3>\n\n\n\n<p>Po <strong>3.5 roku<\/strong> podr\u00f3\u017cy, nasz statek kosmiczny bezpiecznie dociera do uk\u0142adu Alpha Centauri. Jego pr\u0119dko\u015b\u0107 wzgl\u0119dem uk\u0142adu jest ju\u017c bardzo ma\u0142a, co umo\u017cliwia swobodny manewr i wej\u015bcie na orbit\u0119 wok\u00f3\u0142 jednej z gwiazd. Astronauci s\u0105 podekscytowani, a ich wysi\u0142ki op\u0142aci\u0142y si\u0119. Ich zdrowie fizyczne jest w doskona\u0142ym stanie, poniewa\u017c przez ca\u0142y czas do\u015bwiadczali sztucznej grawitacji. Z perspektywy Ziemi, misja trwa\u0142a <strong>5.8 roku<\/strong>, a \u015bwiat zd\u0105\u017cy\u0142 p\u00f3j\u015b\u0107 do przodu. Astronauci, cho\u0107 fizycznie i biologicznie m\u0142odsi ni\u017c ich r\u00f3wie\u015bnicy na Ziemi, wracaj\u0105 po latach z perspektyw\u0105, kt\u00f3ra na zawsze zmieni ich postrzeganie czasu i przestrzeni.<\/p>\n\n\n\n<p>lo\u015b\u0107 energii potrzebna do takiego przyspieszenia statku jest <strong>niewyobra\u017calnie wi\u0119ksza<\/strong> ni\u017c ca\u0142e roczne zu\u017cycie energii przez ludzko\u015b\u0107.<\/p>\n\n\n\n<h3 class=\"wp-block-heading\">Energia dla supernap\u0119du<\/h3>\n\n\n\n<p>Statek kosmiczny, kt\u00f3ry przyspiesza z <strong>1.5g<\/strong> przez po\u0142ow\u0119 trasy do Alpha Centauri (1.75 roku), a nast\u0119pnie hamuje, osi\u0105ga pr\u0119dko\u015b\u0107 blisk\u0105 pr\u0119dko\u015bci \u015bwiat\u0142a (<strong>0.94c<\/strong>).<\/p>\n\n\n\n<p>Zgodnie z zasadami fizyki, energia kinetyczna statku ro\u015bnie wyk\u0142adniczo w miar\u0119 zbli\u017cania si\u0119 do pr\u0119dko\u015bci \u015bwiat\u0142a. <\/p>\n\n\n\n<p>W praktyce, taki silnik wymaga\u0142by \u017ar\u00f3d\u0142a energii, kt\u00f3re zapewnia\u0142oby j\u0105 w ogromnych ilo\u015bciach. Najbardziej efektywne \u017ar\u00f3d\u0142o energii jakie znamy, <strong>anihilacja materii i antymaterii<\/strong>, dla <strong>1 kg<\/strong> masy przyspieszonej w ten spos\u00f3b zu\u017cy\u0142yby <strong>\u2248 6.76 kg<\/strong> paliwa.<\/p>\n\n\n\n<p><\/p>\n\n\n\n<p><\/p>\n","protected":false},"excerpt":{"rendered":"<p>Ta gra przenosi zasady ruchu jednostajnie zmiennego w kosmos. W przeciwie\u0144stwie do ruchu na Ziemi, w przestrzeni kosmicznej nie ma [&hellip;]<\/p>\n","protected":false},"author":1,"featured_media":0,"parent":0,"menu_order":0,"comment_status":"closed","ping_status":"closed","template":"","meta":{"footnotes":""},"class_list":["post-56","page","type-page","status-publish","hentry"],"_links":{"self":[{"href":"https:\/\/nauka.you2.pl\/index.php\/wp-json\/wp\/v2\/pages\/56","targetHints":{"allow":["GET"]}}],"collection":[{"href":"https:\/\/nauka.you2.pl\/index.php\/wp-json\/wp\/v2\/pages"}],"about":[{"href":"https:\/\/nauka.you2.pl\/index.php\/wp-json\/wp\/v2\/types\/page"}],"author":[{"embeddable":true,"href":"https:\/\/nauka.you2.pl\/index.php\/wp-json\/wp\/v2\/users\/1"}],"replies":[{"embeddable":true,"href":"https:\/\/nauka.you2.pl\/index.php\/wp-json\/wp\/v2\/comments?post=56"}],"version-history":[{"count":10,"href":"https:\/\/nauka.you2.pl\/index.php\/wp-json\/wp\/v2\/pages\/56\/revisions"}],"predecessor-version":[{"id":89,"href":"https:\/\/nauka.you2.pl\/index.php\/wp-json\/wp\/v2\/pages\/56\/revisions\/89"}],"wp:attachment":[{"href":"https:\/\/nauka.you2.pl\/index.php\/wp-json\/wp\/v2\/media?parent=56"}],"curies":[{"name":"wp","href":"https:\/\/api.w.org\/{rel}","templated":true}]}}